{"id":99404,"date":"2022-04-08T17:49:26","date_gmt":"2022-04-08T15:49:26","guid":{"rendered":""},"modified":"2025-02-15T14:50:28","modified_gmt":"2025-02-15T13:50:28","slug":"donnees-du-projet-velo-du-parc-naturel-de-laltmuehltal-planification-de-la-signalisation-reseau-ditineraires-vues-densemble","status":"publish","type":"page","link":"https:\/\/www.green-solutions.info\/fr\/a-propos-de-nous\/donnees-du-projet\/donnees-du-projet-de-velo-dans-le-parc-naturel-de-laltmuehltal-district-deichstaett\/donnees-du-projet-velo-du-parc-naturel-de-laltmuehltal-planification-de-la-signalisation-reseau-ditineraires-vues-densemble\/","title":{"rendered":"Donn\u00e9es du projet v\u00e9lo du Parc Naturel de l&rsquo;Altm\u00fchltal &#8211; Planification de la signalisation R\u00e9seau d&rsquo;itin\u00e9raires Vues d&rsquo;ensemble"},"content":{"rendered":"<div class=\"wpb-content-wrapper\"><p>[vc_row][vc_column width=\u00a0\u00bb1\/4&Prime;][vc_single_image image=\u00a0\u00bb36554&Prime;][\/vc_column][vc_column width=\u00a0\u00bb3\/4&Prime;][vc_custom_heading text=\u00a0\u00bbDonn\u00e9es du projet\u00a0\u00bb google_fonts=\u00a0\u00bbfont_family:Droid%20Sans%3Aregular%2C700|font_style:700%20bold%20regular%3A700%3Anormal\u00a0\u00bb][vc_column_text]<span class=\"light\"><strong>Vous trouverez ici la planification du r\u00e9seau cyclable du LK Eichset\u00e4tt deux plans d&rsquo;ensemble A0<\/strong><\/span>[\/vc_column_text][vc_separator][\/vc_column][\/vc_row][vc_row][vc_column width=\u00a0\u00bb1\/4&Prime;][\/vc_column][vc_column width=\u00a0\u00bb3\/4&Prime;][vc_column_text]<div class='w3eden wpdm_packages_shortcode'>\n    <div class=''>\n\n        \n        <div id=\"content_wpdm_package_1\">\n            <div class='row'><div class='col-lg-12 col-md-6 col-6'><!-- WPDM Link Template: Call to Action 3 -->\n\n<div class=\"well c2a3\">\n    <div class=\"media\">\n        <div class=\"mr-3\" align=\"left\">\n            <img class=\"wpdm_icon\" alt=\"Ic\u00f4ne\"   src=\"https:\/\/www.green-solutions.info\/wp-content\/plugins\/download-manager\/assets\/file-type-icons\/pdf.png\" \/>\n        <\/div>\n        <div class=\"media-body\">\n            <h3 class=\"media-heading\" style=\"padding-top: 0px;border:0px;margin: 0 0 5px 0;font-size:12pt;\">\n                <a style=\"font-weight: 700\" href=\"https:\/\/www.green-solutions.info\/fr\/download\/planungsstand-lk-ei-west\/\">\u00dcbersicht Planungsstand A0 West<\/a>\n                <span style=\"font-size:8pt;font-weight:300\" class=\"text-muted ml-4\">\n                    <i class=\"fas fa-hdd mr-1\"><\/i> 45.82 MB\n                    <i class=\"ml-3 far fa-arrow-alt-circle-down mr-1\"><\/i> 28 t\u00e9l\u00e9chargements\n                <\/span>\n            <\/h3>\n            ...\n        <\/div>\n        <div class=\"ml-3\" align=\"right\">\n            <a href='#unlock' class='wpdm-download-link wpdm-download-locked btn btn-primary btn-sm' data-package='38965'>T\u00e9l\u00e9charger<\/a>\n        <\/div>\n    <\/div>\n\n<\/div>\n<style>\n    .well.c2a3 .btn {\n        padding: 11px 30px;\n        font-size: 11pt;\n    }\n\n    .well.c2a3 .media-body {\n        font-size: 11pt;\n    }\n\n    .well.c2a3 .wpdm_icon {\n        height: 42px;\n        width: auto;\n    }<\/style>\n<\/div><div class='col-lg-12 col-md-6 col-6'><!-- WPDM Link Template: Call to Action 3 -->\n\n<div class=\"well c2a3\">\n    <div class=\"media\">\n        <div class=\"mr-3\" align=\"left\">\n            <img class=\"wpdm_icon\" alt=\"Ic\u00f4ne\"   src=\"https:\/\/www.green-solutions.info\/wp-content\/plugins\/download-manager\/assets\/file-type-icons\/pdf.png\" \/>\n        <\/div>\n        <div class=\"media-body\">\n            <h3 class=\"media-heading\" style=\"padding-top: 0px;border:0px;margin: 0 0 5px 0;font-size:12pt;\">\n                <a style=\"font-weight: 700\" href=\"https:\/\/www.green-solutions.info\/fr\/download\/planungsstand-lk-ei-ost\/\">\u00dcbersicht Planungsstand A0 Ost<\/a>\n                <span style=\"font-size:8pt;font-weight:300\" class=\"text-muted ml-4\">\n                    <i class=\"fas fa-hdd mr-1\"><\/i> 45.82 MB\n                    <i class=\"ml-3 far fa-arrow-alt-circle-down mr-1\"><\/i> 27 t\u00e9l\u00e9chargements\n                <\/span>\n            <\/h3>\n            ...\n        <\/div>\n        <div class=\"ml-3\" align=\"right\">\n            <a href='#unlock' class='wpdm-download-link wpdm-download-locked btn btn-primary btn-sm' data-package='38963'>T\u00e9l\u00e9charger<\/a>\n        <\/div>\n    <\/div>\n\n<\/div>\n<style>\n    .well.c2a3 .btn {\n        padding: 11px 30px;\n        font-size: 11pt;\n    }\n\n    .well.c2a3 .media-body {\n        font-size: 11pt;\n    }\n\n    .well.c2a3 .wpdm_icon {\n        height: 42px;\n        width: auto;\n    }<\/style>\n<\/div><\/div>            <div style='clear:both'><\/div><div class='text-center'><ul class='pagination wpdm-pagination pagination-centered text-center'><\/ul><\/div><div style='clear:both'><\/div>        <\/div>\n\n        <div style='clear:both'><\/div>\n    <\/div>\n<\/div>\n[\/vc_column_text][vc_separator][\/vc_column][\/vc_row]<\/p>\n<\/div>","protected":false},"excerpt":{"rendered":"<p>[vc_row][vc_column width=\u00a0\u00bb1\/4&Prime;][vc_single_image image=\u00a0\u00bb36554&Prime;][\/vc_column][vc_column width=\u00a0\u00bb3\/4&Prime;][vc_custom_heading text=\u00a0\u00bbDonn\u00e9es du projet\u00a0\u00bb google_fonts=\u00a0\u00bbfont_family:Droid%20Sans%3Aregular%2C700|font_style:700%20bold%20regular%3A700%3Anormal\u00a0\u00bb][vc_column_text]Vous trouverez ici la planification du r\u00e9seau cyclable du LK Eichset\u00e4tt deux plans&#8230;<\/p>\n","protected":false},"author":17,"featured_media":0,"parent":99188,"menu_order":50,"comment_status":"closed","ping_status":"closed","template":"","meta":{"om_disable_all_campaigns":false,"_monsterinsights_skip_tracking":false,"_monsterinsights_sitenote_active":false,"_monsterinsights_sitenote_note":"","_monsterinsights_sitenote_category":0,"footnotes":""},"categories":[1281,1269,1270],"tags":[],"class_list":{"0":"post-99404","1":"page","2":"type-page","3":"status-publish","5":"category-design-2025-fr","6":"category-design-2025-incomplet","7":"category-green-solutions-fr"},"aioseo_notices":[],"_links":{"self":[{"href":"https:\/\/www.green-solutions.info\/fr\/wp-json\/wp\/v2\/pages\/99404","targetHints":{"allow":["GET"]}}],"collection":[{"href":"https:\/\/www.green-solutions.info\/fr\/wp-json\/wp\/v2\/pages"}],"about":[{"href":"https:\/\/www.green-solutions.info\/fr\/wp-json\/wp\/v2\/types\/page"}],"author":[{"embeddable":true,"href":"https:\/\/www.green-solutions.info\/fr\/wp-json\/wp\/v2\/users\/17"}],"replies":[{"embeddable":true,"href":"https:\/\/www.green-solutions.info\/fr\/wp-json\/wp\/v2\/comments?post=99404"}],"version-history":[{"count":0,"href":"https:\/\/www.green-solutions.info\/fr\/wp-json\/wp\/v2\/pages\/99404\/revisions"}],"up":[{"embeddable":true,"href":"https:\/\/www.green-solutions.info\/fr\/wp-json\/wp\/v2\/pages\/99188"}],"wp:attachment":[{"href":"https:\/\/www.green-solutions.info\/fr\/wp-json\/wp\/v2\/media?parent=99404"}],"wp:term":[{"taxonomy":"category","embeddable":true,"href":"https:\/\/www.green-solutions.info\/fr\/wp-json\/wp\/v2\/categories?post=99404"},{"taxonomy":"post_tag","embeddable":true,"href":"https:\/\/www.green-solutions.info\/fr\/wp-json\/wp\/v2\/tags?post=99404"}],"curies":[{"name":"wp","href":"https:\/\/api.w.org\/{rel}","templated":true}]}}

Données du projet vélo du Parc Naturel de l&rsquo;Altmühltal &#8211; Planification de la signalisation Réseau d&rsquo;itinéraires Vues d&rsquo;ensemble

<div class="wpb-content-wrapper"><p>[vc_row][vc_column width= »1/4&Prime;][vc_single_image image= »36554&Prime;][/vc_column][vc_column width= »3/4&Prime;][vc_custom_heading text= »Données du projet » google_fonts= »font_family:Droid%20Sans%3Aregular%2C700|font_style:700%20bold%20regular%3A700%3Anormal »][vc_column_text]<span class="light"><strong>Vous trouverez ici la planification du réseau cyclable du LK Eichsetätt deux plans d&rsquo;ensemble A0</strong></span>[/vc_column_text][vc_separator][/vc_column][/vc_row][vc_row][vc_column width= »1/4&Prime;][/vc_column][vc_column width= »3/4&Prime;][vc_column_text]<div class='w3eden wpdm_packages_shortcode'>
    <div class=''>

        
        <div id="content_wpdm_package_1">
            <div class='row'><div class='col-lg-12 col-md-6 col-6'><!-- WPDM Link Template: Call to Action 3 -->

<div class="well c2a3">
    <div class="media">
        <div class="mr-3" align="left">
            <img class="wpdm_icon" alt="Icône"   src="https://www.green-solutions.info/wp-content/plugins/download-manager/assets/file-type-icons/pdf.png" />
        </div>
        <div class="media-body">
            <h3 class="media-heading" style="padding-top: 0px;border:0px;margin: 0 0 5px 0;font-size:12pt;">
                <a style="font-weight: 700" href="https://www.green-solutions.info/fr/download/planungsstand-lk-ei-west/">Übersicht Planungsstand A0 West</a>
                <span style="font-size:8pt;font-weight:300" class="text-muted ml-4">
                    <i class="fas fa-hdd mr-1"></i> 45.82 MB
                    <i class="ml-3 far fa-arrow-alt-circle-down mr-1"></i> 28 téléchargements
                </span>
            </h3>
            ...
        </div>
        <div class="ml-3" align="right">
            <a href='#unlock' class='wpdm-download-link wpdm-download-locked btn btn-primary btn-sm' data-package='38965'>Télécharger</a>
        </div>
    </div>

</div>
<style>
    .well.c2a3 .btn {
        padding: 11px 30px;
        font-size: 11pt;
    }

    .well.c2a3 .media-body {
        font-size: 11pt;
    }

    .well.c2a3 .wpdm_icon {
        height: 42px;
        width: auto;
    }</style>
</div><div class='col-lg-12 col-md-6 col-6'><!-- WPDM Link Template: Call to Action 3 -->

<div class="well c2a3">
    <div class="media">
        <div class="mr-3" align="left">
            <img class="wpdm_icon" alt="Icône"   src="https://www.green-solutions.info/wp-content/plugins/download-manager/assets/file-type-icons/pdf.png" />
        </div>
        <div class="media-body">
            <h3 class="media-heading" style="padding-top: 0px;border:0px;margin: 0 0 5px 0;font-size:12pt;">
                <a style="font-weight: 700" href="https://www.green-solutions.info/fr/download/planungsstand-lk-ei-ost/">Übersicht Planungsstand A0 Ost</a>
                <span style="font-size:8pt;font-weight:300" class="text-muted ml-4">
                    <i class="fas fa-hdd mr-1"></i> 45.82 MB
                    <i class="ml-3 far fa-arrow-alt-circle-down mr-1"></i> 27 téléchargements
                </span>
            </h3>
            ...
        </div>
        <div class="ml-3" align="right">
            <a href='#unlock' class='wpdm-download-link wpdm-download-locked btn btn-primary btn-sm' data-package='38963'>Télécharger</a>
        </div>
    </div>

</div>
<style>
    .well.c2a3 .btn {
        padding: 11px 30px;
        font-size: 11pt;
    }

    .well.c2a3 .media-body {
        font-size: 11pt;
    }

    .well.c2a3 .wpdm_icon {
        height: 42px;
        width: auto;
    }</style>
</div></div>            <div style='clear:both'></div><div class='text-center'><ul class='pagination wpdm-pagination pagination-centered text-center'></ul></div><div style='clear:both'></div>        </div>

        <div style='clear:both'></div>
    </div>
</div>
[/vc_column_text][vc_separator][/vc_column][/vc_row]</p>
</div>

<p>[vc_row][vc_column width= »1/4&Prime;][vc_single_image image= »36554&Prime;][/vc_column][vc_column width= »3/4&Prime;][vc_custom_heading text= »Données du projet » google_fonts= »font_family:Droid%20Sans%3Aregular%2C700|font_style:700%20bold%20regular%3A700%3Anormal »][vc_column_text]Vous trouverez ici la planification du réseau cyclable du LK Eichsetätt deux plans&#8230;</p>
